1 - w. What is the tens digit of o?
4
Let w(b) = 123*b - 4. Let c be ((-2)/(-6))/(184/(-24) - -8). What is the hundreds digit of w(c)?
1
Let r(g) = -38*g - 37. Let y(u) = 19*u + 18. Let h(a) = -4*r(a) - 7*y(a). What is the units digit of h(10)?
2
What is the tens digit of (9 - (-78309)/14)/(1*3/6)?
0
Let t(d) be the third derivative of d**6/24 + 4*d**5/5 + d**4/3 - 11*d**3/2 + 187*d**2 + 2*d. What is the hundreds digit of t(-9)?
1
Let l(u) = -18*u**3 - 42*u**2 + 4*u - 59. Let f(y) = 10*y**3 + 21*y**2 - 3*y + 30. Let q(p) = -11*f(p) - 6*l(p). What is the hundreds digit of q(10)?
2
Suppose -3*x - x + 8 = 0. Suppose x*t - 457 = -m, 3*m - 681 = -t - 2*t. What is the units digit of t?
0
Let f = 1320 + 14072. What is the tens digit of f?
9
Suppose 2*t - f - 112121 = 26640, -69373 = -t - f. What is the ten thousands digit of t?
6
Suppose 0 = -k + 2*n + 146, -4*k = -k + 2*n - 430. What is the tens digit of ((-2268)/k)/((-1)/24)?
7
Let p(y) = -y**3 - 9*y**2 - 17*y + 9. Let j be p(-6). Suppose -2*w = -j*g + 783, -5*w + 3*w = 0. What is the tens digit of g?
6
Let m = -57917 - -114548. What is the ten thousands digit of m?
5
Let b(y) = -2*y**2 + 13*y + 23. Let d be (7 - 119/14)*(-28)/6. Let r be b(d). What is the units digit of (657/12)/(6/r)?
6
Suppose 0 = -3*j - 3*i + 7*i + 38, 0 = 4*j - 2*i - 34. Suppose -v + 3507 = j*v. What is the tens digit of v?
0
Let t(g) = 2864*g - 52. What is the units digit of t(3)?
0
Suppose -4*x = -2*v - 87 - 199, 5*v + 3*x = -715. Let c be (-1)/((-1)/(-4) - v/(-780)). What is the units digit of 2*c/10*-61?
3
Let o = 57 - 37. Suppose -18 = -m - 2*a - 2*a, -o = -4*a. What is the hundreds digit of 7 + -4 + m - (0 - 287)?
2
Let l(p) = -p**3 + 46*p**2 - 112*p + 134. What is the tens digit of l(43)?
6
Let k be -2 + 24/14 + (-51)/(-7). Let i(c) = k*c**2 + 18*c + 0*c**2 - 5*c. What is the hundreds digit of i(-5)?
1
Let l = 373 + -220. Suppose -3*t + 0 - 63 = 0. Let c = t + l. What is the units digit of c?
2
Let o(f) = -14*f - 23. Let p be o(-8). Let i be p - (-6)/((-6)/(-2)). Suppose -8 + 12 = 4*u, -k + i = 5*u. What is the units digit of k?
6
Suppose 34233 + 227471 = 2*q + 6*q. What is the units digit of q?
3
Let r(x) be the second derivative of x**5/20 + 11*x**3/6 - 17*x**2/2 - 29*x - 2. What is the units digit of r(6)?
5
Let t be (-8)/(-10) - 8/10. What is the tens digit of (6/(-5) + t)/((-34)/30515)?
7
Suppose -3*b = 2*k - 5098, -b + 2*k = 3*b - 6802. Suppose -379*x = -384*x + b. What is the hundreds digit of x?
3
Let a(r) = 3*r - 17. Let j be a(7). Suppose -j*m + 2647 = 663. What is the hundreds digit of m?
4
Suppose -26657 - 12492 = -11*j. What is the units digit of j?
9
Let l = -11941 - -28064. What is the tens digit of l?
2
Let x be 3/(-6) + (-18)/(-4). Let z be (2/x)/((35/(-30))/(-7)). Let n(p) = 82*p + 13. What is the tens digit of n(z)?
5
Let f(u) = 22688*u - 1274. What is the tens digit of f(1)?
1
Let a(q) = -119 - 12*q - 5*q + 3*q + 2*q. What is the units digit of a(-35)?
1
Let n = -304 + 899. Suppose 4*b - n = 405. What is the tens digit of b?
5
Let n = -203 - -299. Suppose -c - n + 396 = 0. What is the units digit of c?
0
What is the thousands digit of (17848 + -14)*9/6?
6
Suppose 0 = 4*g - 2*c - 44900, -3*c = 242 - 218. What is the thousands digit of g?
1
Suppose -4*m + 3762 = x, 96*x = 4*m + 95*x - 3766. What is the tens digit of m?
4
Let t(f) = f**3 + 30*f**2 + 27*f - 7. Suppose 33 = -2*v - 21. Let q be t(v). What is the units digit of q/8 - 33/88?
1
What is the hundreds digit of -2*2 + (16 + -17)*-34453?
4
What is the tens digit of 2/3*((-275247)/(-105))/(6/15)?
6
Suppose 97*z = 107*z - 354790. What is the thousands digit of z?
5
Let u(h) = -7761*h**3 + 13*h**2 + 32*h - 3. What is the ten thousands digit of u(-2)?
6
Let w = -54782 - -143100. What is the ten thousands digit of w?
8
Suppose c - 4*c = 0. Let o(k) = -8 - k + c*k - k. What is the units digit of o(-13)?
8
Suppose 31397 = c - 6*w + 103, w = -c + 31329. What is the tens digit of c?
2
Let l(c) be the first derivative of 106*c**3/3 - c**2/2 - 3*c + 77. What is the hundreds digit of l(-1)?
1
Let t be 1/(-4)*2*(6 + -16). Let s(h) = 4*h**3 - 4*h**2 + 5*h - 4. What is the tens digit of s(t)?
2
Suppose -6*s + 9*s - 3*u - 12846 = 0, 4*u + 12847 = 3*s. What is the units digit of s?
1
Let m(y) = 2*y**2 + 31*y - 1. Let i be m(-16). Suppose -4 = -v - 3*w - 19, 3*v = 3*w + i. What is the units digit of -3 + 1*112 - v?
9
Let w = -360 - -167. Let q = w - -402. What is the hundreds digit of q?
2
Let n = 90 - 89. Let r(y) = 192*y**3 + 3*y**2 - 2*y. Let l be r(n). Let k = l - 59. What is the tens digit of k?
3
Let c(z) = 2*z + 26. Let m be c(-7). Suppose 0 = -18*k + m*k. Suppose -191 = -6*r + 4*r - p, k = 3*r + 4*p - 294. What is the tens digit of r?
9
What is the hundreds digit of 80/18 + -4 - 112380/(-108)?
0
Suppose z - 5*z + 8936 = 0. Suppose -5*t + z = -0*t - 3*s, s = t - 446. What is the hundreds digit of t?
4
Suppose 20 = k + 4*r, -15 = -2*k - r - 3. Suppose -p - 5*v + 1235 = 4*p, -4*p + 964 = -k*v. What is the tens digit of p?
4
What is the tens digit of 4*(75/(-36) + 2)/((-67)/1570011)?
1
Suppose b - 4*k = 4930, -24*b + 20*b - 3*k = -19777. What is the tens digit of b?
4
Suppose 12 = -2*x + 14, -74822 = -5*i - 2*x. What is the hundreds digit of i?
9
Let u(f) = 5*f - 6*f - 13 - 4*f. Let v be u(-6). Let p = 60 + v. What is the tens digit of p?
7
Suppose -7605084 = -171*t - 2388047 + 2779949. What is the ten thousands digit of t?
4
Let d(g) = -2*g**3 + 83*g**2 - 87*g - 15. What is the units digit of d(37)?
7
Let w(t) = 2*t - 9. Let h be w(7). Suppose h*b - 689 = -9. Suppose -2*o + 5*u = o - b, 0 = 5*o - 3*u - 248. What is the units digit of o?
2
Suppose 4*c + 40*o - 3544 = 41*o, 0 = c - 2*o - 879. What is the units digit of c?
7
Let t = 13094 + -7657. What is the units digit of t?
7
Let d(f) = -26*f + 10722. What is the units digit of d(0)?
2
Let u(j) = -j**3 + 55*j**2 - 80*j - 184. What is the thousands digit of u(53)?
1
Suppose 0*y + 17 = d + 3*y, 2*y - 13 = -d. Suppose -4498 = -4*x - 2*u, -x + 1152 = -0*x - d*u. What is the units digit of x?
7
Let j(q) = 1345 - 759 - 667 + 162*q. What is the thousands digit of j(10)?
1
Let q(j) = 533*j**2 - 20*j + 21. Let n be q(1). Let p = n - 40. What is the units digit of p?
4
Let k(w) = -4138*w - 316. What is the tens digit of k(-2)?
6
Suppose -3*u = -j + 6184, -11*u = 5*j - 6*u - 30920. What is the thousands digit of j?
6
Let i(s) = -8*s**3 + 14*s**2 + 2*s + 31. Let k(h) = h**3 - h**2 + h - 1. Let d(l) = i(l) + 6*k(l). What is the units digit of d(-6)?
7
Let c be (5*-688)/(-8) + 7. Let y = 901 - c. What is the hundreds digit of y?
4
Let f = -33 - -35. Let w be ((-668)/(-6))/f - 6/9. Suppose -w = -g + 50. What is the tens digit of g?
0
Let k(n) = -n. Let x be k(-3). Let b be (5 - 1 - x) + (141 - -1). Suppose 0 = 7*h + b - 1599. What is the hundreds digit of h?
2
Suppose l - 6*l = 195. Let v = 6340 - 6263. What is the units digit of l/26 - v/(-2)?
7
Let g = 23801 - 1142. What is the ten thousands digit of g?
2
Suppose 0 = 2*r + 3*l - 41945, 4*r = 148*l - 151*l + 83917. What is the thousands digit of r?
0
Suppose -4 = i, 3*l - 2*i + 99 = i. Let w(x) = x**3 - x**2 - 2*x + 1. Let g be w(-2). Let a = g - l. What is the units digit of a?
0
Let i be 6*2*3241/42. Suppose 8 - i = -5*d - o, 4*d = -o + 734. What is the units digit of d?
4
Let u be (0/(-2))/(4 - 6). Let a = -60 + 112. Suppose 5*i = 25, 2*i = 2*z - u*i - a. What is the tens digit of z?
3
Suppose -w = 4*h - 112, -4*w = -9*w. Let m be ((-6)/9)/((-2)/96). Suppose -26*j - m = -h*j. What is the units digit of j?
6
Let l be (-18)/33 - (-124)/22*4. Let s(y) = 20*y - 141. What is the hundreds digit of s(l)?
2
Let z(p) = -p. Let t(d) = -310*d**3 - 2*d**2 + 12*d - 5. Let q(o) = -t(o) - 5*z(o). What is the tens digit of q(1)?
1
Suppose n - 15 = 2*n. Let l be (6/9)/(10/n). What is the units digit of 54/12 + l/(-2)?
5
Suppose 1 + 27 = 7*x. Suppose -5*y + x*l + 234 + 53 = 0, -5*y + 303 = 4*l. What is the tens digit of y?
5
Let c(y) = 2899*y**2 + 630*y + 2543. What is the ten thousands digit of c(-4)?
4
Suppose -3*l - 142 = -l. Let c = l + 40. Let p = c - -51. What is the units digit of p?
0
Suppose 3157 = 22*t - 2783. Let s = t + -18. What is the hundreds digit of s?
2
Suppose -3*v